ed by o?
8
Calculate the remainder when -26*(3/6 + -1) is divided by (-2)/(-5) + 46/10.
3
Suppose 12*z - 6*z - 348 = 0. What is the remainder when z is divided by 12?
10
Let z(n) = 14*n**2 - 3*n - 3. Let q be (-16)/6 + 6/9. Let r = -95 + 115. Calculate the remainder when z(q) is divided by r.
19
Let u = -1 - 0. What is the remainder when (u - -2)/((-1)/(-21)) is divided by 11?
10
Suppose 25 = 5*i, 0*i = t - i. Let z be -1 + 1 + -1 + t. Let h(p) = p**2 - 2*p - 5. What is the remainder when 8 is divided by h(z)?
2
Let b(m) = m**2 + 5*m - 4. Suppose 0 = o + 2*g - 4, -2*o - 2*g = -10. Calculate the remainder when b(-7) is divided by o.
4
Let v(y) = y**2 - 8*y + 5. Let t be v(8). What is the remainder when (-1776)/(-60) + 2/t is divided by 11?
8
Let w = -81 - -136. Let m = 10 + w. Calculate the remainder when m is divided by 22.
21
Let g(y) = 2*y**2 - y + 1. Let i be g(-1). Suppose t + i = 2*t. What is the remainder when 17 is divided by t?
1
Let l = 5 + -2. Suppose -4*o + 304 = -92. Suppose 2*f - 150 = -5*y, 0*y + o = 3*y + l*f. What is the remainder when y is divided by 15?
13
Let f be (-2 + -1 + 1)*-4. Let d be 15/2 - 12/f. Let i = d + 10. Calculate the remainder when 31 is divided by i.
15
Let s be (32 - 1)*(-1 - -2). Let v be (-10)/(-3)*12/5. Let h = s - v. Calculate the remainder when h is divided by 12.
11
Suppose 3*y - 8 = -2*k, -17 = -k - 0*k + 5*y. Let q = k + -3. Calculate the remainder when q is divided by 2.
0
Let j = 48 - 21. Let d(m) = m**2 - 7*m + 7. Let o be d(5). Let w(f) = -f**3 - 2*f**2 - f + 2. What is the remainder when j is divided by w(o)?
13
Suppose -h = -2*r - 26, -4*h + 3*h + 40 = -3*r. Let y(i) = i**2 - 7*i - 2. Calculate the remainder when (-416)/r - (-4)/14 is divided by y(9).
14
Let s = -89 + 130. Let o be (2 + 1)/3 - -6. Let x = o - -7. What is the remainder when s is divided by x?
13
Suppose -16 = z - 17. What is the remainder when 4 is divided by z?
0
Let v(i) = 4*i**2 + 6*i**2 + i**3 + 3*i - 5*i**2. Let j be v(-2). What is the remainder when 17 is divided by (-4)/j + 40/6?
5
Let z = 24 - 13. Let j = 20 + -13. What is the remainder when z is divided by j?
4
Suppose 5*x - z = 341, 4*x - z = -5*z + 292. Calculate the remainder when x is divided by 35.
34
Let o = 33 - -2. Let s = o + -17. Calculate the remainder when 33 is divided by s.
15
Let q(l) = 11*l**2 - 2*l - 1. Let v be q(-1). What is the remainder when (-1 - -3)/(v/186) is divided by (-2)/(-10) + (-54)/(-5)?
9
Let s = 12 + 7. Let z be 1/3 + 37/(-3). Let x = 19 + z. What is the remainder when s is divided by x?
5
Let s be -50*(20/8)/5. Let o = -14 - s. Calculate the remainder when 31 is divided by o.
9
Let p(s) be the first derivative of -3*s - 1/4*s**4 - 1/2*s**2 + 3 - 1/3*s**3. What is the remainder when 35 is divided by p(-3)?
17
Let i = -12 - -29. Suppose 0 = -6*a + a + 55. Let j = i + a. Calculate the remainder when j is divided by 15.
13
Let b(k) = -k**3 + 4*k**2 - 2*k + 1. Let t be b(3). Let z be (t/1)/(2/(-8)). Let l = -9 - z. Calculate the remainder when l is divided by 4.
3
Suppose -n + 2*k + 15 = 0, -4*k + 3 + 0 = n. Let t(x) = 2*x**2 + 7*x. Calculate the remainder when t(-6) is divided by n.
8
Let w(y) = -y - 1. Let c be w(-3). Suppose -2*d = 5*v - 23, -c*v - v = -9. Suppose 3 = n, -d*g = 4*n - 33 - 23. What is the remainder when 21 is divided by g?
10
Let w = -47 - -73. What is the remainder when 69 is divided by w?
17
Suppose 0 = -8*h + 680 - 272. What is the remainder when 254 is divided by h?
50
Suppose 0 = 5*c - c - 184. What is the remainder when c is divided by 12?
10
Suppose 6*b = b + 130. What is the remainder when b is divided by 7?
5
Suppose 3*d = 6*d - 30. Calculate the remainder when 26 is divided by d.
6
Let d(w) = -38*w**3 + w**2 - w - 2. What is the remainder when d(-1) is divided by 20?
18
Let k = 127 + -125. Let y(c) = c**3 + 3*c**2 - 4*c + 5. Calculate the remainder when y(-4) is divided by k.
1
Let w be (-4)/10 - (-44)/10. Let f(c) = -1 - 2 + c**2 - w*c - 4. What is the remainder when 26 is divided by f(7)?
12
Let x = 5 - -5. Let u = 2 - -1. Suppose -56 = -u*z + z. What is the remainder when z is divided by x?
8
Suppose 0*y - 56 = -4*y. What is the remainder when 66 is divided by y?
10
Let z = 18 + 87. What is the remainder when z is divided by 36?
33
Suppose 45 = 3*a + 3*p, -5*a - 2*p = -34 - 32. What is the remainder when 34 is divided by a?
10
Let o(n) = -2*n**2 - 2*n - 11. Let v(c) = -c**2 - c - 4. Let q(b) = 4*o(b) - 11*v(b). Calculate the remainder when 35 is divided by q(-3).
17
Suppose y = 4*h - 14, 5*h = y + 2*y + 14. Suppose f = -0*f + 2*c + 19, -h*c = -3*f + 47. Calculate the remainder when 33 is divided by f.
6
Let w(v) = -2*v**3 + 1. Let d be w(1). What is the remainder when 37 is divided by 2 - ((-1 - d) + -11)?
11
Suppose 0*z - 5*z = -70. What is the remainder when z is divided by 3?
2
Let p(b) = -13*b - 8. Let v be p(-6). Suppose 4*n + 0*g = -2*g + v, g = 2*n - 37. Calculate the remainder when 53 is divided by n.
17
Let t be 528/14 + 2/7. Suppose 20 = j - 5*c, 152 = 3*j + 3*c + t. Suppose -6*w + w + j = 0. What is the remainder when 18 is divided by w?
4
Let h(r) = 9*r - 9. What is the remainder when 21 is divided by h(2)?
3
Let b(z) = -2*z + 16. Let v be (1*-3)/((-3)/(-2)). Calculate the remainder when 6*v/(-8)*2 is divided by b(7).
1
Suppose 0*c + 4*c - 24 = 0. What is the remainder when c is divided by (-2 - 0)/(4/(-8))?
2
Suppose 0 = -b + 9. Let c be -2 - 19 - 0/(-2). What is the remainder when (-4)/(-14) + (-309)/c is divided by b?
6
Suppose 6*r - 3*r + 9 = 0. Calculate the remainder when 23 + (r + 5 - 3) is divided by 12.
10
Suppose -2 = y + 3, -5*j - y + 205 = 0. What is the remainder when j is divided by 11?
9
Let u be 6/(-9) + (-33)/(-9). Suppose -49 = k - u*x, -4*x = 2*k + 2*k + 244. Calculate the remainder when (k/4)/((-2)/4) is divided by 10.
9
Let a = 42 + 11. Let k = 16 + -2. Calculate the remainder when a is divided by k.
11
Let m = -18 + -2. Let z be (-8)/m - 4/10. Suppose -5*a + 45 = -z*a. Calculate the remainder when a is divided by 5.
4
Calculate the remainder when 27 is divided by 41/4 + (-1 - 15/(-20)).
7
Let k = -2 - -30. Calculate the remainder when (48/k)/((-2)/(-7)) is divided by 2.
0
Suppose 0 = v + v - 3*g + 5, -3*v + 3 = -g. Let j(a) = 8*a**3 + a**2 + a + 1. What is the remainder when j(v) is divided by 18?
17
Let d = -21 + 16. Calculate the remainder when 52 is divided by (27/12)/(d/(-40)).
16
Let d = 11 - 3. Suppose -3*b + 12 = 0, 5*b - 26 = 5*n - 131. Suppose -3*a = -8*a + n. Calculate the remainder when d is divided by a.
3
Suppose 7*g - 6*g = 47. What is the remainder when g is divided by 12?
11
Let h be (-6)/(-9) + (-185)/3. Suppose -93 = -5*v - 8. What is the remainder when v is divided by h/(-6) + 2/(-12)?
7
Let z(s) = s**2 - 7. What is the remainder when z(3) is divided by 2?
0
Suppose 3*c + 2*c + 3*b - 81 = 0, -2*c = -b - 39. What is the remainder when 35 is divided by c?
17
Suppose -5*g + 54 = 3*s, 0*g + g - 16 = 2*s. Let r = -96 + 39. Let l = -22 - r. Calculate the remainder when l is divided by g.
11
Suppose -5*f - 3*c + 110 = 0, 2*f + 3 - 21 = 4*c. Suppose -2*g + 8 = -12. What is the remainder when f is divided by g?
9
Let r = 27 - -31. What is the remainder when r is divided by 15?
13
Let p = 20 - -20. Let t = p - 29. Suppose -2*w - 92 = -3*d, 7*w = 2*w + 10. Calculate the remainder when d is divided by t.
10
Let t be (2 - 3)*(-6)/2. Suppose -8 = -f + t*y, 4*y = -7*f + 4*f + 37. What is the remainder when 21 is divided by f?
10
Let n(x) = x**3 + 3*x**2 - x + 6. What is the remainder when n(-3) is divided by 3?
0
Suppose -2*x + 4*d + 90 = 0, x - 96 = -x - 2*d. Calculate the remainder when x is divided by 24.
23
Let u(w) = 2*w**3 - w**2 - 4*w + 5. Calculate the remainder when (3/(-2))/((-1)/10) is divided by u(2).
6
Let k be 0*3/(-6) - 3. Let w be 2/4*(-36)/k. What is the remainder when 4 is divided by ((-3)/w + 0)*-6?
1
Let y(b) = -b + 5. Let n be y(4). Suppose q - n - 8 = 0. What is the remainder when (-4)/((-24)/213) + 9/(-6) is divided by q?
7
Let s(f) = 519*f - 1. Let p be s(-1). What is the remainder when 2/(-7) - p/56 is divided by 6?
3
Let m = -32 + 43. Calculate the remainder when 21 is divided by m.
10
Calculate the remainder when 118 is divided by 0 - (-4 +